 505968?
True
Is 66249 a multiple of 17?
True
Does 15 divide 361065?
True
Is 13 a factor of 117540?
False
Does 21 divide 1512547?
False
Is 383057 a multiple of 103?
True
Is 511350 a multiple of 150?
True
Does 2 divide 2191252?
True
Does 43 divide 45193?
True
Does 92 divide 3283112?
True
Does 41 divide 975345?
False
Does 323 divide 5874401?
True
Is 156 a factor of 186551?
False
Does 17 divide 58514?
True
Is 53136 a multiple of 216?
True
Is 577337 a multiple of 17?
True
Does 18 divide 1956117?
False
Is 47 a factor of 180157?
False
Is 13 a factor of 3581552?
True
Does 887 divide 2896055?
True
Is 131 a factor of 5873123?
True
Is 120 a factor of 11128200?
True
Is 18 a factor of 13426434?
True
Is 385050 a multiple of 25?
True
Is 179658 a multiple of 34?
False
Is 546 a factor of 800112?
False
Is 72414 a multiple of 81?
True
Is 196 a factor of 426496?
True
Is 300 a factor of 7441273?
False
Is 23 a factor of 114778?
False
Does 447 divide 1269836?
False
Is 1411840 a multiple of 20?
True
Is 2330189 a multiple of 877?
True
Is 42 a factor of 2559214?
False
Is 7 a factor of 306748?
False
Is 7 a factor of 8490?
False
Is 21 a factor of 124215?
True
Is 234 a factor of 12785?
False
Is 27 a factor of 14453586?
True
Is 1804305 a multiple of 185?
True
Is 1570090 a multiple of 10?
True
Does 638 divide 783935?
False
Is 77 a factor of 688688?
True
Is 58638 a multiple of 29?
True
Is 143910 a multiple of 130?
True
Does 68 divide 293556?
True
Is 45 a factor of 41220?
True
Is 253 a factor of 428434?
False
Does 134 divide 945236?
True
Is 1945950 a multiple of 63?
False
Is 233700 a multiple of 10?
True
Is 69 a factor of 300081?
True
Is 27 a factor of 204479?
False
Is 6619888 a multiple of 232?
True
Is 258881 a multiple of 151?
False
Does 6 divide 486444?
True
Does 20 divide 510867?
False
Does 67 divide 120060?
False
Is 315122 a multiple of 45?
False
Does 6 divide 3564701?
False
Does 48 divide 1406160?
True
Does 32 divide 107392?
True
Is 145 a factor of 42195?
True
Is 547 a factor of 6839855?
False
Is 28175149 a multiple of 1237?
True
Is 10698171 a multiple of 11?
True
Is 10658319 a multiple of 21?
True
Is 460377 a multiple of 309?
False
Does 119 divide 2336365?
False
Does 19 divide 2027889?
True
Does 136 divide 535160?
True
Is 1634661 a multiple of 81?
True
Does 5 divide 56443?
False
Is 73 a factor of 185248?
False
Does 64 divide 1843186?
False
Is 255312 a multiple of 12?
True
Does 71 divide 794838?
False
Does 71 divide 96205?
True
Is 1142201 a multiple of 26?
False
Is 181 a factor of 1600602?
False
Does 7 divide 75313?
True
Is 586 a factor of 2022286?
True
Is 79017 a multiple of 7?
False
Does 4 divide 382952?
True
Is 25 a factor of 6502750?
True
Is 3 a factor of 445372?
False
Does 113 divide 432779?
False
Is 9 a factor of 376816?
False
Is 989626 a multiple of 9?
False
Is 200 a factor of 47895?
False
Is 4 a factor of 1427807?
False
Is 13 a factor of 6586424?
True
Is 83 a factor of 216713?
True
Is 24 a factor of 93868?
False
Is 24 a factor of 68280?
True
Is 2315360 a multiple of 178?
False
Does 13 divide 758361?
False
Is 5 a factor of 11661?
False
Does 37 divide 46654?
False
Is 347802 a multiple of 6?
True
Is 78 a factor of 4287348?
True
Is 102 a factor of 612879?
False
Does 17 divide 120526?
False
Is 21 a factor of 886272?
False
Does 501 divide 627252?
True
Is 4649400 a multiple of 252?
True
Is 515 a factor of 1070170?
True
Is 370 a factor of 2034260?
True
Does 78 divide 426051?
False
Is 5999360 a multiple of 545?
True
Does 15 divide 16144495?
False
Is 48557 a multiple of 59?
True
Is 161 a factor of 200767?
True
Does 73 divide 998640?
True
Is 7412941 a multiple of 9?
False
Is 10 a factor of 257245?
False
Does 12 divide 324432?
True
Is 299201 a multiple of 3?
False
Is 449 a factor of 95637?
True
Is 117138 a multiple of 318?
False
Does 167 divide 1232293?
True
Is 9640320 a multiple of 96?
True
Does 25 divide 203775?
True
Is 11 a factor of 12900385?
False
Is 77140 a multiple of 58?
True
Is 309 a factor of 3682662?
True
Is 800 a factor of 31600800?
True
Is 5 a factor of 195743?
False
Is 1381838 a multiple of 79?
False
Does 217 divide 1289858?
False
Is 840901 a multiple of 8?
False
Does 325 divide 6302114?
False
Is 11 a factor of 793738?
True
Is 1329888 a multiple of 12?
True
Is 959870 a multiple of 5?
True
Does 31 divide 237691?
False
Does 14 divide 97832?
True
Does 415 divide 475590?
True
Does 24 divide 243312?
True
Is 630 a factor of 6619363?
False
Is 26 a factor of 1620710?
True
Does 12 divide 407303?
False
Is 26 a factor of 202748?
True
Is 541 a factor of 2342875?
False
Does 214 divide 645210?
True
Is 733068 a multiple of 42?
True
Does 207 divide 96876?
True
Is 32 a factor of 555584?
True
Is 1354 a factor of 5170926?
True
Is 44 a factor of 38571?
False
Is 13 a factor of 41009449?
True
Does 32 divide 1076916?
False
Is 5 a factor of 372589?
False
Is 376 a factor of 4306815?
False
Is 668869 a multiple of 16?
False
Is 44 a factor of 154370?
False
Does 22 divide 2473834?
True
Is 19 a factor of 664430?
True
Is 28 a factor of 297444?
True
Does 1010 divide 1855341?
False
Is 154 a factor of 704858?
True
Is 9456573 a multiple of 46?
False
Is 172 a factor of 61404?
True
Is 18 a factor of 13410276?
False
Is 297065 a multiple of 36?
False
Is 21 a factor of 868267?
False
Is 416294 a multiple of 10?
False
Is 9496926 a multiple of 243?
True
Is 4 a factor of 70314?
False
Is 382629 a multiple of 23?
False
Is 7405688 a multiple of 1532?
True
Does 16 divide 1589476?
False
Is 1955521 a multiple of 103?
False
Does 53 divide 3660086?
False
Is 211 a factor of 387586?
False
Does 30 divide 184320?
True
Is 3 a factor of 131795?
False
Does 27 divide 203850?
True
Is 59 a factor of 39884?
True
Is 142166 a multiple of 224?
False
Is 541 a factor of 1822088?
True
Does 39 divide 1132521?
True
Is 99 a factor of 103554?
True
Is 12 a factor of 1719914?
False
Is 428 a factor of 612040?
True
Is 6 a factor of 102731?
False
Is 7 a factor of 1295525?
True
Is 1006283 a multiple of 71?
True
Is 1534795 a multiple of 64?
False
Is 1834241 a multiple of 19?
True
Is 50 a factor of 1351752?
False
Is 1185 a factor of 1001325?
True
Is 15 a factor of 1383557?
False
Does 10 divide 81630?
True
Is 71 a factor of 56019?
True
Is 8385 a multiple of 9?
False
Does 8 divide 152672?
True
Does 11 divide 1636404?
True
Does 6 divide 330307?
False
Does 8 divide 84033?
False
Is 24715 a multiple of 327?
False
Is 16362165 a multiple of 421?
True
Is 247 a factor of 4142931?
True
Is 3673593 a multiple of 133?
True
Does 47 divide 371472?
False
Is 17 a factor of 164373?
True
Is 627559 a multiple of 17?
False
Does 5 divide 57895?
True
Is 565740 a multiple of 18?
True
Is 385250 a multiple of 25?
True
Does 46 divide 10339594?
False
Is 820210 a multiple of 10?
True
Is 42 a factor of 1433376?
True
Is 236 a factor of 1302809?
False
Does 34 divide 902717?
False
Is 1363153 a multiple of 228?
False
Is 32 a factor of 25920?
True
Is 602794 a multiple of 11?
False
Is 96 a factor of 421620?
False
Is 409336 a multiple of 32?
False
Is 1414 a factor of 6173524?
True
Does 152 divide 861080?
True
Is 27 a factor of 1624077?
True
Does 181 divide 100954?
False
Does 109 divide 405698?
True
Does 379 divide 59503?
True
Is 3556446 a multiple of 13?
False
Is 316 a factor of 92272?
True
Is 105 a factor of 4688460?
True
Does 24 divide 2017392?
True
Is 44 a factor of 393339?
False
Is 41 a factor of 323740?
False
Is 1491870 a multiple of 130?
False
Is 758403 a multiple of 9?
True
Is 3204711 a multiple of 511?
False
Is 10 a factor of 259050?
True
Does 160 divide 245120?
True
Is 478686 a multiple of 78?
True
Does 20 divide 10023117?
False
Is 13 a factor of 1676739?
False
Is 971 a factor of 3503368?
True
Does 57 divide 1533015?
True
Is 572396 a multiple of 646?
False
Is 5 a factor of 149047?
False
Is 25 a factor of 198119?
False
Is 22878 a multiple of 62?
True
Is 164 a factor of 488720?
True
Does 35 divide 7953993?
False
Is 56 a factor of 173152?
True
Does 119 divide 40460?
True
Is 264435 a multiple of 36?
False
Is 17853642 a multiple of 20?
False
Is 45 a factor of 323278?
False
Is 281 a factor of 5143705?
True
Is 22 a factor of 1854644?
True
Is 42 a factor of 224624?
False
Is 429 a factor of 998129?
False
Does 4 divide 87075?
False
Is 1203624 a multiple of 292?
True
Is 16